n be (10951/(-699))/((-2)/372). Calculate the highest common factor of n and 62.
62
Let t(y) = 3*y**3 - 5*y**2 + 2*y - 3. Let b be t(2). Suppose b*s = 2*l + l - 199, 2*s - 81 = -l. Let x = l - 65. What is the highest common factor of x and 64?
8
Let u be 0/189 + 0 + 54. What is the highest common factor of 3834 and u?
54
Suppose 0 = -2*q + 1 - 9, -3*q - 60 = -4*u. Suppose 4*f - 46 = -5*b + u, 4*f = 4*b - 32. Let c = 55 - 25. What is the highest common divisor of c and b?
10
Suppose 0 = x + 5, 4*m - 98 = 4*x + 174. Let l = m - -18. Calculate the greatest common divisor of 9 and l.
9
Let m(x) = 2*x**3 + 103*x**2 + 85*x - 963. Let b be m(-49). What is the highest common factor of b and 26?
13
Let h(f) = 659*f - 11830. Let p be h(18). Calculate the highest common factor of p and 352.
32
Let o(d) = -15*d + 725. Let b be o(15). What is the highest common divisor of b and 20?
20
Let l(x) = -21*x + 741. Let s be l(0). What is the greatest common divisor of s and 117?
39
Suppose 13*c - 1600 = 1104. What is the highest common factor of 364 and c?
52
Let a(p) = -p**2 + 15*p - 4. Let j be a(14). Suppose j*f = 4*f - 90. Let s = f - -26. Calculate the greatest common divisor of s and 55.
11
Let q(g) = -12*g - 107. Let a(z) = -13*z - 108. Let o(u) = 6*a(u) - 7*q(u). Let y be o(-16). What is the highest common divisor of y and 55?
5
Let z(d) = 83*d**3 + d. Let h be (35/21)/(15/9). Let t be z(h). What is the highest common divisor of t and 36?
12
Let n(j) = j**2 + 9*j - 68 + 5*j + 4*j - j. Let x be n(6). What is the highest common divisor of 224 and x?
14
Let s be (0 + -1)/(1199/99 + -12). Let q be (-16 - s)*27/(-6 - -3). Calculate the highest common divisor of q and 21.
21
Let t be 1 - ((-2736)/18 + -22). What is the highest common divisor of 1330 and t?
35
Let a be (42/10)/((-2)/(-90)). Let y(m) = -361*m - 3235. Let k be y(-9). Calculate the highest common divisor of a and k.
7
Let s = 66 - 46. Let b = s + -4. Suppose 0 = c, -r = -4*c - b - 8. What is the highest common factor of 36 and r?
12
Suppose 441*i + 60088 = 700*i. Calculate the greatest common factor of 416 and i.
8
Let w be (-81)/(-6)*((2 - 3) + 31). What is the greatest common factor of 75 and w?
15
Let r(g) = -g**3 + 3*g**2 + g - 1. Let f be r(3). Let w be (14/(-1))/(0 - f/3). Let z be 7 + -11 + w + 1. Calculate the highest common factor of 18 and z.
18
Suppose -4*g - 4*u + 1004 = 0, 4*g = 2*u - 278 + 1258. Let y = 280 - g. Calculate the highest common factor of 11 and y.
11
Let i = -9202 + 9221. Suppose -4*q = -4*w + 3*w + 65, -3*q = 3*w - 165. What is the highest common divisor of w and i?
19
Suppose -115*c - 1050 = -118*c. Suppose -43*t + 38*t = -c. Calculate the greatest common factor of 10 and t.
10
Let t be (-892)/(-2) + (9 - 21/3). Let q be 27/(-6)*t/(-24). What is the highest common factor of 36 and q?
12
Let r(m) = -m. Let c be r(-5). Let f = -190 - -193. Suppose u = c*i - 23, 15 = i + f*u + 2*u. What is the highest common factor of 1 and i?
1
Let r(v) = -773*v - 3*v**2 + 51 + 386*v + v**3 + 370*v. Let u be r(5). Calculate the highest common divisor of u and 20.
4
Let q = 322 - 314. Suppose -o - q = -w, 17 = 3*w - o - 7. What is the greatest common divisor of w and 488?
8
Let f(x) = 87*x**2 - 18*x - 61. Let l be f(5). What is the greatest common divisor of l and 4?
4
Let p(q) = -4886*q + 4417. Let h be p(-4). Calculate the highest common divisor of h and 147.
147
Suppose w = 1, -5*m + 2884 = -3*w + 242. Let i(p) = -6*p**2 + 212*p - 416. Let t be i(33). Calculate the highest common divisor of t and m.
23
Suppose 97 = t - 3*x, -5*t - 6*x = -4*x - 485. Let m = 100 - t. Calculate the highest common factor of 48 and m.
3
Let k(m) = m**2 + 18*m - 19. Let a be k(-22). Let i = -81 + a. Let g be i/(2/13 - (-336)/(-156)). Calculate the highest common divisor of g and 54.
6
Let b(k) = k**2 - 17*k. Let d be b(17). Suppose d = 11*y - 1086 - 564. What is the greatest common divisor of 200 and y?
50
Let l be (-18)/(-60) - (-6349)/70. Calculate the greatest common factor of 676 and l.
13
Let c be ((-12)/(-10))/(4/10). Let q = 14 - c. Let r = -28922 + 28955. What is the greatest common factor of q and r?
11
Suppose 49*i - 23*i = 3*i + 736. Calculate the greatest common factor of i and 1328.
16
Suppose -1 = 3*t - 2*t, 0 = -2*i - 5*t + 51. Let a be (-21)/((-8 - -1)/14). Let p be (-4)/a + (-10304)/(-147). Calculate the greatest common divisor of p and i.
14
Let u be 3 + -5 - (-5 - (-10 + 2)). Let w(q) = -q**2 - 19*q - 10. Let t be w(u). What is the greatest common factor of 90 and t?
30
Suppose 2*q - 5*b - 14 = 0, 3*b - 9 = 3*q - 12. Let m be (-112)/(-2 + q + 3). Let p = 18 + -11. What is the greatest common factor of m and p?
7
Suppose 4*b - 245 - 39 = -4*q, 0 = -4*q - 3*b + 281. Let d be (1 - 55)*(-262)/1179. Suppose d*x = -32*x + 7480. What is the greatest common divisor of x and q?
34
Let m(z) = 13*z**3 + 14*z**2 - 88*z - 6. Let p be m(8). What is the greatest common factor of p and 22?
22
Suppose 950*z - 934*z = 48. Suppose -13 = -0*d - d. Suppose z*v = d + 2. What is the greatest common divisor of 25 and v?
5
Suppose -4*q = -35 + 31, 2*q = -5*h - 3. Let p be 4 - (-1)/(h/(-40)). Calculate the greatest common factor of 484 and p.
44
Let w be 1072*(-99*4/(-102) - 14/(-119)). What is the greatest common factor of 402 and w?
134
Let y be 36*(5/(-1))/(-10). Let v be (-1078)/(-15) + 36/270. Calculate the greatest common divisor of v and y.
18
Suppose 18*d = 11*d + 6294 + 21265. Calculate the greatest common divisor of 93 and d.
31
Suppose 3*a - 344 = -5*d, -4*d = 3*a - a - 276. Suppose 0 = -73*j + 69*j + 8. Suppose 0 = -j*y + 6 + 50. What is the highest common factor of d and y?
14
Suppose 5*b = 5*v - 285, -2*v + 119 = 12*b - 9*b. Let s = 2125 + -1371. What is the greatest common factor of s and v?
58
Let x(l) = -17*l - 7. Let u(m) = 36*m + 15. Let h(g) = -2*u(g) - 5*x(g). Let t be h(1). Calculate the highest common factor of t and 126.
18
Let a(s) = s**2 + 583*s + 11924. Let p be a(-21). Calculate the greatest common factor of p and 1098.
122
Let d(b) = 4*b**3 - 16*b**2 + 20*b - 7. Let z be d(4). Let q = 133 - -451. What is the highest common factor of q and z?
73
Let x be 25/(-3) - (-2)/6. Let p be (x/(-3))/((-2)/(-6)). Let d be 61 + 2 + -4 - ((-399)/399)/((-5)/(-25)). Calculate the highest common factor of p and d.
8
Let l = 4067 - 1971. What is the highest common factor of l and 48?
16
Let f(s) = -s**3 + 12*s**2. Suppose 0*b = 7*b - 84. Let c be f(b). Suppose 38 + c = 2*h. Calculate the greatest common factor of h and 19.
19
Let l = 13685 - -14857. Calculate the highest common divisor of 402 and l.
402
Suppose 0 = -x + 5*t + 287 + 38, 0 = -3*x - t + 1071. Calculate the greatest common factor of x and 1349.
71
Let g = 80 - 68. Suppose 6*y = 2*y - g. Let i be (22/y)/((-2)/3). Calculate the greatest common divisor of 99 and i.
11
Let r be (216/1)/(-18 + 20). Let g be r/14 - (-20)/70. Calculate the highest common factor of 648 and g.
8
Suppose -63 = 4*a - 11*a. Let m = 7163 - 7154. What is the highest common factor of a and m?
9
Let o(q) = -2*q**2 + 99*q + 1271. Let k be o(57). What is the highest common divisor of k and 64?
32
Suppose 2*t - 8510*n + 8509*n = 2202, -2*t + 5*n = -2178. Calculate the highest common divisor of 96 and t.
48
Suppose 36*b - 372*b = -51072. Suppose -2*f + 21 = -11. Calculate the highest common divisor of f and b.
8
Let r(n) be the second derivative of 14*n + 29/6*n**3 + 0 + 3/2*n**2. Let d be r(3). Calculate the highest common factor of 18 and d.
18
Suppose -8*a + 36994 = 3546. What is the greatest common divisor of 111 and a?
37
Suppose -53 - 310 = -3*q - 3*l, 0 = -4*q + 5*l + 430. Let x(z) = -2*z**3 - 5*z**2 - z - 6. Let j be x(-4). Calculate the greatest common factor of j and q.
23
Let u be 12/(-5)*(-5 - 0). Let s(q) = 43*q + 157. Let r be s(-9). Let a = r + 242. Calculate the greatest common factor of u and a.
12
Suppose -174 = -4*d + 2*m, 3*d - 126 = -2*m + 1. Suppose 2*k + 98 = 2*b + 6*k, -5*k + d = b. Calculate the highest common divisor of 53 and b.
53
Let g be 74/6 - -2 - (-124)/186. Let d(f) = -f**3 - 5*f**2 + 4*f + 5. Let y be d(-7). Suppose -5*c + 0*c + y = 0. What is the highest common divisor of c and g?
15
Suppose 108*n + 155735 = 136*n - 333481. What is the hi